{"id":328,"date":"2020-04-05T16:56:28","date_gmt":"2020-04-05T16:56:28","guid":{"rendered":"https:\/\/cabrio-du.net\/?page_id=328"},"modified":"2023-01-11T18:55:51","modified_gmt":"2023-01-11T18:55:51","slug":"ueber-mich-2","status":"publish","type":"page","link":"https:\/\/weller-hilft.de\/?page_id=328","title":{"rendered":"\u00dcber mich"},"content":{"rendered":"\n<p class=\"has-black-color has-text-color\">Seit \u00fcber 30 Jahren bin ich als selbstst\u00e4ndiger Rechtsanwalt t\u00e4tig. <\/p>\n\n\n\n<p class=\"has-black-color has-text-color\">Meine Motivation: Menschen in schwierigen Situationen zu unterst\u00fctzen, ihre Rechte einzufordern.<\/p>\n\n\n\n<p class=\"has-black-color has-text-color\">Schwierige Situationen kenne ich aus eigener Erfahrung nur zu gut: Vor vielen Jahren erkrankte ich an Krebs und bin seither Rollstuhlfahrer. Ich wei\u00df, wie schwierig es ist, neben den damit verbundenen Belastungen noch f\u00fcr sein Recht einzutreten. <\/p>\n\n\n\n<p class=\"has-black-color has-text-color\">Deshalb setze ich mich f\u00fcr Sie und f\u00fcr Ihr Recht mit der n\u00f6tigen Distanz und Professionalit\u00e4t, aber auch mit Leidenschaft und Empathie ein. <\/p>\n\n\n\n<p class=\"has-black-color has-text-color\">Engagement war und ist schon immer ein wichtiger Teil meines Lebens: Daher besch\u00e4ftige ich mich beruflich mit dem Vereinsrecht, engagiere mich aber auch privat in zahlreichen Vereinen und Projekten. So lerne ich unterschiedliche Perspektiven kennen, kann einen Blick \u00fcber den eigenen Tellerrand werfen und wei\u00df aus der gelebten Praxis um die Herausforderungen der Vorstandsarbeit. <\/p>\n\n\n\n<p><\/p>\n\n\n\n<p class=\"has-black-color has-text-color\"><strong>Ein Beispiel f\u00fcr die Unterst\u00fctzung der Vorstandsarbeit ist mein neuer Podcast &#8222;<\/strong><strong>Weller hilft. Im Vereinsrecht&#8220;. H\u00f6ren Sie doch mal rein:<\/strong><\/p>\n\n\n\n<p><\/p>\n\n\n\n<figure class=\"wp-block-embed is-type-wp-embed is-provider-anchor-fm-inc wp-block-embed-anchor-fm-inc\"><div class=\"wp-block-embed__wrapper\">\n<div class='embed-container'><iframe loading=\"lazy\" class=\"wp-embedded-content\" sandbox=\"allow-scripts\" security=\"restricted\" title=\"Weller hilft. Im Vereinsrecht.\" src=\"https:\/\/anchor.fm\/dr-frank-weller\/embed#?secret=5eDJUiqyvT\" data-secret=\"5eDJUiqyvT\" height=\"102px\" width=\"400px\" frameborder=\"0\" scrolling=\"no\"><\/iframe><\/div>\n<\/div><\/figure>\n\n\n\n<p><\/p>\n","protected":false},"excerpt":{"rendered":"<p>Seit \u00fcber 30 Jahren bin ich als selbstst\u00e4ndiger Rechtsanwalt t\u00e4tig. Meine Motivation: Menschen in schwierigen Situationen zu unterst\u00fctzen, ihre Rechte einzufordern. Schwierige Situationen kenne ich aus eigener Erfahrung nur zu gut: Vor vielen Jahren erkrankte ich an Krebs und bin seither Rollstuhlfahrer. Ich wei\u00df, wie schwierig es ist, neben den damit verbundenen Belastungen noch f\u00fcr&hellip; <br \/> <a class=\"read-more\" href=\"https:\/\/weller-hilft.de\/?page_id=328\">Weiterlesen<\/a><\/p>\n","protected":false},"author":1,"featured_media":750,"parent":0,"menu_order":0,"comment_status":"closed","ping_status":"closed","template":"page-templates\/page-with-right-sidebar.php","meta":{"footnotes":""},"class_list":["post-328","page","type-page","status-publish","has-post-thumbnail","hentry"],"_links":{"self":[{"href":"https:\/\/weller-hilft.de\/index.php?rest_route=\/wp\/v2\/pages\/328","targetHints":{"allow":["GET"]}}],"collection":[{"href":"https:\/\/weller-hilft.de\/index.php?rest_route=\/wp\/v2\/pages"}],"about":[{"href":"https:\/\/weller-hilft.de\/index.php?rest_route=\/wp\/v2\/types\/page"}],"author":[{"embeddable":true,"href":"https:\/\/weller-hilft.de\/index.php?rest_route=\/wp\/v2\/users\/1"}],"replies":[{"embeddable":true,"href":"https:\/\/weller-hilft.de\/index.php?rest_route=%2Fwp%2Fv2%2Fcomments&post=328"}],"version-history":[{"count":12,"href":"https:\/\/weller-hilft.de\/index.php?rest_route=\/wp\/v2\/pages\/328\/revisions"}],"predecessor-version":[{"id":872,"href":"https:\/\/weller-hilft.de\/index.php?rest_route=\/wp\/v2\/pages\/328\/revisions\/872"}],"wp:featuredmedia":[{"embeddable":true,"href":"https:\/\/weller-hilft.de\/index.php?rest_route=\/wp\/v2\/media\/750"}],"wp:attachment":[{"href":"https:\/\/weller-hilft.de\/index.php?rest_route=%2Fwp%2Fv2%2Fmedia&parent=328"}],"curies":[{"name":"wp","href":"https:\/\/api.w.org\/{rel}","templated":true}]}}